{"id":3495,"date":"2024-05-29T18:22:10","date_gmt":"2024-05-29T16:22:10","guid":{"rendered":"https:\/\/www.aktivaseniorerlerum.se\/?page_id=3495"},"modified":"2025-11-17T12:58:00","modified_gmt":"2025-11-17T11:58:00","slug":"forfattarbesok-ht-2924","status":"publish","type":"page","link":"https:\/\/www.aktivaseniorerlerum.se\/?page_id=3495","title":{"rendered":"F\u00f6rfattarbes\u00f6k HT2025"},"content":{"rendered":"\n<p><strong>M\u00e5ndag den 24 november\u00a0\u00a0\u00a0\u00a0\u00a0\u00a0\u00a0\u00a0\u00a0\u00a0\u00a0\u00a0 kl.18.30\u00a0\u00a0\u00a0\u00a0\u00a0\u00a0\u00a0\u00a0\u00a0\u00a0\u00a0\u00a0\u00a0\u00a0\u00a0\u00a0\u00a0\u00a0\u00a0\u00a0\u00a0\u00a0 nr 24<\/strong><\/p>\n<p><a href=\"https:\/\/www.aktivaseniorerlerum.se\/?attachment_id=3985\" rel=\"attachment wp-att-3985\"><img loading=\"lazy\" decoding=\"async\" class=\"aligncenter size-full wp-image-3985\" src=\"http:\/\/media1.aktivaseniorerlerum.se\/2025\/11\/Bild1.png\" alt=\"\" width=\"229\" height=\"195\" \/><\/a><\/p>\n<p><strong>F\u00f6rfattarafton med Ellen Mattson, medlem i Svenska Akademien<\/strong><\/p>\n<p>Akademibokhandeln arrangerar ett f\u00f6rfattarbes\u00f6k av <strong>Ellen Mattson<\/strong>, medlem i Svenska Akademien, stol nr 9, fr\u00e5n 2019.<\/p>\n<p>Ellen kommer att ber\u00e4tta om sitt skrivande och ett genomg\u00e5ende team i hennes f\u00f6rfattarskap \u00e4r m\u00e4nskliga relationer.<\/p>\n<p>Hennes debutroman Nattvandring kom 1992 och handlar som om fem f\u00f6r\u00e4ldral\u00f6sa syskon fr\u00e5n barndom till \u00e5lderdom.\u00a0 Hon har skrivit ett tiotal b\u00f6cker. Den senaste, Konsten att f\u00f6rsvinna, kom 2025.<\/p>\n<p>Milj\u00f6n i m\u00e5nga av romanerna \u00e4r Bohusl\u00e4n och de utspelar sig i b\u00e5de modern och historisk tid.<\/p>\n<p>Under f\u00f6rfattarbes\u00f6ket f\u00e5r vi \u00e4ven goda boktips inf\u00f6r julen av personalen p\u00e5 Akademibokhandeln och 20% rabatt vid k\u00f6p \u00f6ver 300:-<\/p>\n<p>Anm\u00e4lan: \u00a0\u00a0\u00a0\u00a0 <strong>tidigast tisdag 18 november <\/strong><strong>kl 09.00\u201311.00<br \/><\/strong>Kostnad: \u00a0\u00a0\u00a0\u00a0\u00a0 <strong>ingen<br \/><\/strong>Ansvarig: \u00a0\u00a0\u00a0\u00a0\u00a0 <strong>Kerstin Wallgren, tel 070- 576 44 52.<\/strong><\/p>\n<hr \/>\n<p><strong>\u00a0<\/strong><\/p>\n<p><strong>\u00a0<\/strong><\/p>\n","protected":false},"excerpt":{"rendered":"<p>M\u00e5ndag den 24 november\u00a0\u00a0\u00a0\u00a0\u00a0\u00a0\u00a0\u00a0\u00a0\u00a0\u00a0\u00a0 kl.18.30\u00a0\u00a0\u00a0\u00a0\u00a0\u00a0\u00a0\u00a0\u00a0\u00a0\u00a0\u00a0\u00a0\u00a0\u00a0\u00a0\u00a0\u00a0\u00a0\u00a0\u00a0\u00a0 nr 24 F\u00f6rfattarafton med Ellen Mattson, medlem i Svenska Akademien Akademibokhandeln arrangerar ett f\u00f6rfattarbes\u00f6k av Ellen Mattson, medlem i Svenska Akademien, stol nr 9, fr\u00e5n 2019. Ellen kommer att ber\u00e4tta om sitt skrivande och ett &hellip; <a href=\"https:\/\/www.aktivaseniorerlerum.se\/?page_id=3495\">Forts\u00e4tt l\u00e4sa <span class=\"meta-nav\">&rarr;<\/span><\/a><\/p>\n","protected":false},"author":1,"featured_media":0,"parent":0,"menu_order":0,"comment_status":"closed","ping_status":"closed","template":"","meta":{"footnotes":""},"class_list":["post-3495","page","type-page","status-publish","hentry"],"_links":{"self":[{"href":"https:\/\/www.aktivaseniorerlerum.se\/index.php?rest_route=\/wp\/v2\/pages\/3495","targetHints":{"allow":["GET"]}}],"collection":[{"href":"https:\/\/www.aktivaseniorerlerum.se\/index.php?rest_route=\/wp\/v2\/pages"}],"about":[{"href":"https:\/\/www.aktivaseniorerlerum.se\/index.php?rest_route=\/wp\/v2\/types\/page"}],"author":[{"embeddable":true,"href":"https:\/\/www.aktivaseniorerlerum.se\/index.php?rest_route=\/wp\/v2\/users\/1"}],"replies":[{"embeddable":true,"href":"https:\/\/www.aktivaseniorerlerum.se\/index.php?rest_route=%2Fwp%2Fv2%2Fcomments&post=3495"}],"version-history":[{"count":18,"href":"https:\/\/www.aktivaseniorerlerum.se\/index.php?rest_route=\/wp\/v2\/pages\/3495\/revisions"}],"predecessor-version":[{"id":3986,"href":"https:\/\/www.aktivaseniorerlerum.se\/index.php?rest_route=\/wp\/v2\/pages\/3495\/revisions\/3986"}],"wp:attachment":[{"href":"https:\/\/www.aktivaseniorerlerum.se\/index.php?rest_route=%2Fwp%2Fv2%2Fmedia&parent=3495"}],"curies":[{"name":"wp","href":"https:\/\/api.w.org\/{rel}","templated":true}]}}

Författarbesök HT2025

<p><strong>Måndag den 24 november             kl.18.30                       nr 24</strong></p>
<p><a href="https://www.aktivaseniorerlerum.se/?attachment_id=3985" rel="attachment wp-att-3985"><img loading="lazy" decoding="async" class="aligncenter size-full wp-image-3985" src="http://media1.aktivaseniorerlerum.se/2025/11/Bild1.png" alt="" width="229" height="195" /></a></p>
<p><strong>Författarafton med Ellen Mattson, medlem i Svenska Akademien</strong></p>
<p>Akademibokhandeln arrangerar ett författarbesök av <strong>Ellen Mattson</strong>, medlem i Svenska Akademien, stol nr 9, från 2019.</p>
<p>Ellen kommer att berätta om sitt skrivande och ett genomgående team i hennes författarskap är mänskliga relationer.</p>
<p>Hennes debutroman Nattvandring kom 1992 och handlar som om fem föräldralösa syskon från barndom till ålderdom.  Hon har skrivit ett tiotal böcker. Den senaste, Konsten att försvinna, kom 2025.</p>
<p>Miljön i många av romanerna är Bohuslän och de utspelar sig i både modern och historisk tid.</p>
<p>Under författarbesöket får vi även goda boktips inför julen av personalen på Akademibokhandeln och 20% rabatt vid köp över 300:-</p>
<p>Anmälan:      <strong>tidigast tisdag 18 november </strong><strong>kl 09.00–11.00<br /></strong>Kostnad:       <strong>ingen<br /></strong>Ansvarig:       <strong>Kerstin Wallgren, tel 070- 576 44 52.</strong></p>
<hr />
<p><strong> </strong></p>
<p><strong> </strong></p>

<p>Måndag den 24 november             kl.18.30                       nr 24 Författarafton med Ellen Mattson, medlem i Svenska Akademien Akademibokhandeln arrangerar ett författarbesök av Ellen Mattson, medlem i Svenska Akademien, stol nr 9, från 2019. Ellen kommer att berätta om sitt skrivande och ett &hellip; <a href="https://www.aktivaseniorerlerum.se/?page_id=3495">Fortsätt läsa <span class="meta-nav">&rarr;</span></a></p>
